Give j(0).
-305
Let m(q) = -q**2 + 26*q - 57. Give m(15).
108
Let y(s) = -s**3 + 21*s**2 + 109*s - 220. Calculate y(25).
5
Let r(d) = d**2 + 9*d - 339. Give r(15).
21
Let j(z) = z**3 - 11*z**2 + 42*z - 75. Determine j(8).
69
Let j(d) = d**2 + 42*d + 431. Determine j(-20).
-9
Let s(t) = -221*t**2 - 86631*t + 390. Calculate s(-392).
-2
Let x(g) = -5*g**2 + 15*g + 27. Determine x(-2).
-23
Let d(t) = t**2 - 322*t + 1588. What is d(5)?
3
Let o(d) = -4*d**2 - 502*d - 1009. Give o(-2).
-21
Let f(d) = d**2 + 162*d + 163. Calculate f(-161).
2
Let t(n) = 67*n - 7087. Determine t(107).
82
Let h(m) = m**3 + m**2 + 13*m + 7. What is h(-4)?
-93
Let z(r) = -520*r**2 - 11441*r - 29. Give z(-22).
-7
Let j(i) = -13*i - 86. What is j(-10)?
44
Let l(b) = -3189*b + 6476. Determine l(2).
98
Let s(t) = -t**3 + 7*t**2 - 232*t + 900. Determine s(4).
20
Let a(b) = 27*b - 100. Determine a(9).
143
Let n(c) = c**2 + 15*c - 179. Determine n(-25).
71
Let b(v) = -v**2 + 19*v + 996. Calculate b(-23).
30
Let f(c) = c**2 + 213*c + 4703. Give f(-25).
3
Let g(v) = v**2 + 26*v + 23. Give g(-28).
79
Let b(q) = q**3 - 39*q**2 - 32*q - 11. Calculate b(40).
309
Let y(x) = x**3 - 8*x**2 + 8*x + 29. Give y(4).
-3
Let v(d) = 2*d**3 - 242*d**2 - 385*d + 17219. What is v(122)?
17
Let f(z) = 85*z**2 - 680*z - 1. What is f(8)?
-1
Let a(u) = 2*u**2 - 107*u + 198. Calculate a(50).
-152
Let y(r) = -r**3 - 33*r**2 - 205*r + 28. Give y(-9).
-71
Let r(d) = 838*d + 51948. Calculate r(-62).
-8
Let u(j) = 9*j**2 - 11*j + 53. What is u(4)?
153
Let a(r) = 24*r + 338. Calculate a(-15).
-22
Let c(t) = -t**3 + 7*t**2 - 65*t + 274. What is c(5)?
-1
Let y(x) = -157*x + 947. Calculate y(6).
5
Let i(c) = -c**3 - 72*c**2 + 29*c - 3205. Give i(-73).
7
Let y(s) = s**3 - 11*s**2 - 17*s + 25. Determine y(11).
-162
Let v(d) = -d**3 - 106*d**2 - 114*d - 440. Give v(-105).
505
Let k(m) = 2*m**3 - 12*m**2 + 138*m - 646. What is k(5)?
-6
Let v(q) = 12*q**3 - 5*q**2 + 9*q - 4. Give v(2).
90
Let j(v) = -v**2 + 151*v - 3788. Give j(119).
20
Let n(i) = i**2 + 36*i + 772. Give n(-14).
464
Let v(x) = 2*x**3 + 40*x**2 + 32*x + 113. Calculate v(-19).
227
Let s(y) = 3*y**2 + 185*y - 1189. Calculate s(6).
29
Let n(q) = q**3 + 31*q**2 + 142*q + 211. What is n(-26)?
-101
Let o(r) = -1240*r - 8597. Calculate o(-7).
83
Let z(d) = d**2 - 76*d + 127. Determine z(12).
-641
Let x(b) = -8*b**2 - 719*b - 1439. Give x(-2).
-33
Let k(x) = x**3 - 26*x**2 - 23*x - 129. What is k(27)?
-21
Let q(r) = -27*r + 72. Determine q(-6).
234
Let j(d) = d**3 + 51*d**2 + 149*d + 241. Give j(-48).
1
Let s(c) = 6*c**2 - 100*c - 58. Give s(17).
-24
Let y(h) = -7*h**2 - 70*h + 163. Determine y(-12).
-5
Let a(y) = -2722*y - 24509. Calculate a(-9).
-11
Let v(c) = -413*c + 16940. Determine v(41).
7
Let p(r) = r**3 - 55*r**2 + 118*r - 620. What is p(53)?
16
Let h(p) = p**3 - 3*p**2 + 319*p - 3. What is h(0)?
-3
Let k(x) = -129*x - 23737. Calculate k(-184).
-1
Let q(j) = -323*j - 940. Give q(-3).
29
Let q(b) = 3*b**2 - 40*b - 1. What is q(17)?
186
Let k(w) = 59*w - 2072. Give k(35).
-7
Let z(s) = -5*s**3 - 280*s**2 + 291*s - 10. Determine z(1).
-4
Let t(m) = -m**3 - 14*m**2 + 430*m + 4692. Give t(-10).
-8
Let g(y) = -143*y + 1379. Determine g(10).
-51
Let b(x) = -66*x + 324. What is b(3)?
126
Let v(k) = 5*k**2 - 10*k + 227. Give v(11).
722
Let t(o) = -36*o**2 - 201*o - 100. Determine t(-5).
5
Let k(w) = w**2 - 143*w - 1524. Give k(-10).
6
Let o(d) = -8*d**3 + 5*d + 1. Determine o(-2).
55
Let t(a) = 3*a**2 - 9*a + 8. Calculate t(-3).
62
Let c(m) = 2*m**2 + 45*m + 198. What is c(-6)?
0
Let i(r) = -r**3 + 2*r**2 - 16*r - 30. What is i(-3)?
63
Let a(n) = -41*n - 240. Give a(-5).
-35
Let u(x) = x**3 + 32*x**2 + 62*x + 71. Calculate u(-30).
11
Let h(z) = 3*z**2 - 76*z + 21. Calculate h(25).
-4
Let c(u) = u**2 + 432*u - 6251. Determine c(14).
-7
Let t(r) = 72*r + 442. Give t(-6).
10
Let t(p) = 459*p - 1387. Determine t(3).
-10
Let q(k) = -13*k - 208. What is q(-31)?
195
Let t(u) = 187*u + 480. Calculate t(-3).
-81
Let s(u) = 39*u**3 + 2*u + 3. Calculate s(-1).
-38
Let d(b) = -13*b**2 + 15*b + 22. What is d(2)?
0
Let j(l) = l**2 - 13*l + 2. Determine j(1).
-10
Let x(w) = 4*w**3 - 288*w**2 - 2*w + 239. Calculate x(72).
95
Let l(b) = b**2 + 34*b + 95. Determine l(-9).
-130
Let c(h) = -h**2 - 72*h + 709. Determine c(18).
-911
Let l(b) = b**3 + 19*b**2 - 2*b + 63. Give l(0).
63
Let a(k) = -2*k**3 - 24*k**2 + 41*k + 484. What is a(-12)?
-8
Let r(g) = 19*g**2 - 135*g - 8. Determine r(7).
-22
Let p(r) = 11*r - 898. Calculate p(67).
-161
Let j(c) = -c**2 + 56*c - 1042. What is j(26)?
-262
Let r(p) = -14*p + 14. Give r(1).
0
Let w(f) = -f**2 - 25*f + 40. Give w(-27).
-14
Let z(o) = -335*o - 2341. Calculate z(-7).
4
Let n(v) = 2*v**2 + 8*v + 66. Calculate n(-8).
130
Let s(z) = z**2 - 21*z - 27. Calculate s(-4).
73
Let u(a) = -1500*a - 15006. What is u(-10)?
-6
Let b(y) = 10*y**2 + 20*y + 7. Determine b(-2).
7
Let l(n) = -192*n + 128. What is l(3)?
-448
Let c(m) = -156*m + 2. Give c(-1).
158
Let y(g) = -24942*g + 224471. Determine y(9).
-7
Let s(i) = -3*i - 68. Calculate s(3).
-77
Let p(r) = 2*r**3 + 23*r**2 + 65*r + 103. Determine p(-8).
31
Let g(i) = -i**3 - 54*i**2 - 624*i + 115. Determine g(-37).
-70
Let z(n) = 2*n**2 - 23*n - 281. Determine z(-9).
88
Let v(j) = j**3 - 31*j**2 + 65*j - 37. Calculate v(29).
166
Let c(k) = -3*k**3 + 173*k**2 - 114*k - 7. Give c(57).
-7
Let m(o) = 59*o**3 - 2*o**2 - 5*o + 8. What is m(1)?
60
Let d(p) = -7792*p + 163636. What is d(21)?
4
Let f(o) = 2*o + 24. What is f(-11)?
2
Let a(u) = -80*u - 405. Determine a(-4).
-85
Let y(x) = -x**3 + 40*x**2 - 427*x + 558. Give y(17).
-54
Let m(v) = 10*v**3 + 23*v**2 + 44*v - 2. What is m(-2)?
-78
Let d(y) = 11*y + 579. Determine d(-51).
18
Let f(m) = -3*m**3 - 8*m + 2. Give f(3).
-103
Let t(x) = 1665*x - 6469. What is t(4)?
191
Let g(c) = 3*c**2 - 41*c + 117. What is g(4)?
1
Let u(r) = -11*r + 101. Determine u(7).
24
Let x(n) = 37*n - 3446. Determine x(93).
-5
Let j(d) = -d**2 + 36*d - 134. Calculate j(34).
-66
Let t(n) = 99*n + 1442. Give t(-15).
-43
Let c(d) = -d**2 - 83*d + 177. Give c(2).
7
Let g(y) = 10858*y + 65145. What is g(-6)?
-3
Let p(n) = 4*n**2 + 12*n + 25. What is p(-3)?
25
Let p(f) = -3*f**3 - 115*f**2 + 1388*f - 188. What is p(-48)?
4
Let r(a) = 195*a - 2083. Determine r(10).
-133
Let y(a) = -7*a**3 - 79*a**2 - 19*a + 21. Give y(-11).
-12
Let i(c) = 20*c - 140. Determine i(-11).
-360
Let f(y) = y**3 - 24*y**2 - 9*y + 199. Calculate f(24).
-17
Let l(x) = -x**3 - 11*x**2 + 37*x - 237. Determine l(-15).
108
Let i(j) = -2*j**2 - 82*j + 71. Calculate i(-40).
151
Let y(a) = -a**3 - 2*a**2 + 77*a + 288. Determine y(-7).
-6
Let q(b) = -21*b**2 - 22*b + 8. What is q(-4)?
-240
Let y(m) = m**3 - 6*m**2 - 7*m - 11. Determine y(5).
-71
Let w(y) = -y**3 + 31*y**2 + 47*y - 1505. Calculate w(31).
-48
Let o(a) = 915*a - 91493. Calculate o(100).
7
Let r(m) = 15*m - 105. Calculate r(7).
0
Let x(s) = 19*s + 839. Give x(-40).
79
Let w(s) = -s**3 + 33*s**2 + 41*s - 144. Give w(34).
94
Let w(x) = -4*x**2 - 134*x - 54. Give w(-32).
138
Let n(d) = -2*d**3 + 15*d**2 - 14*d - 28. Give n(5).
27
Let k(r) = -26*r - 305. What is k(-12)?
7
Let s(c) = -c**2 - 95*c + 3856. Give s(30).
106
Let h(s) = s + 145. What is h(-14)?
131
Let g(w) = 3*w**2 - 4*w - 15. Give g(8).
145
Let o(r) = r**3 + 21*r**2 + 20*r - 22. What is o(-20)?
-22
Let c(t) = -3*t**3 + 28*t**2 - 13*t + 32. Give c(9).
-4
Let g(d) = -2*d**2 - 56*d - 286. Give g(-28).
-286
Let o(b) = -17*b - 2. Calculate o(1).
-19
Let a(o) = -8*o**2 - 140*o + 69. Determine a(-18).
-3
Let y(f) = f**3 + 6*f**2 + 15*f - 16. Calculate y(-6).
-106
Let q(x) = 63*x + 9887. Calculate q(-156).
59
Let y(r) = 4880*r + 4886. Give y(-1).
6
Let w(d) = 37*d**2 + 183*d - 6. Give w(-5).
4
Let v(i) = i**2 + 39*i + 300. Give v(-9).
30
Let i(b) = b**2 + 30*b - 5. Give i(1).
26
Let a(o) = -2*o**3 + 16*o**2 - 30*o + 41. Determine a(6).
5
Let z(h) = -901*h - 120742. Give z(-134).
-8
Let x(v) = v**3 + 3*v**2 - 19*v - 54. Calculate x(-4).
6
Let c(w) = -w**2 - 13*w + 76. Give c(-21).
-92
Let g(m) = -m**2 - 124*m - 3706. Calculate g(-72).
38
Let f(n) = 26*n - 506. Give f(42).
586
Let o(k) = 145*k - 732. What is o(5)?
-7
Let t(c) = -8*c**3 + 124*c**2 - 58*c - 27. Give t(15).
3
Let j(p) = 4*p**2 + 10*p + 3